{"id":1388,"date":"2018-05-27T19:51:19","date_gmt":"2018-05-27T22:51:19","guid":{"rendered":"http:\/\/eca-capacita.com.br\/videocapacita\/?page_id=1388"},"modified":"2018-05-27T19:51:32","modified_gmt":"2018-05-27T22:51:32","slug":"conhecer-para-fortalecer","status":"publish","type":"page","link":"https:\/\/eca-capacita.com.br\/videocapacita\/conhecer-para-fortalecer\/","title":{"rendered":"Conhecer para Fortalecer."},"content":{"rendered":"\t\t<div data-elementor-type=\"wp-post\" data-elementor-id=\"1388\" class=\"elementor elementor-1388 elementor-bc-flex-widget\">\n\t\t\t\t\t\t<section class=\"elementor-section elementor-top-section elementor-element elementor-element-b360eec elementor-section-boxed elementor-section-height-default elementor-section-height-default\" data-id=\"b360eec\" data-element_type=\"section\" data-e-type=\"section\">\n\t\t\t\t\t\t<div class=\"elementor-container elementor-column-gap-default\">\n\t\t\t\t\t<div class=\"elementor-column elementor-col-100 elementor-top-column elementor-element elementor-element-c3054dd\" data-id=\"c3054dd\" data-element_type=\"column\" data-e-type=\"column\">\n\t\t\t<div class=\"elementor-widget-wrap elementor-element-populated\">\n\t\t\t\t\t\t<div class=\"elementor-element elementor-element-1ff104d elementor-widget elementor-widget-text-editor\" data-id=\"1ff104d\" data-element_type=\"widget\" data-e-type=\"widget\" data-widget_type=\"text-editor.default\">\n\t\t\t\t<div class=\"elementor-widget-container\">\n\t\t\t\t\t\t\t\t\t<p class=\"MsoNormal\" style=\"margin-bottom: 0.0001pt; line-height: normal; background-image: initial; background-position: initial; background-size: initial; background-repeat: initial; background-attachment: initial; background-origin: initial; background-clip: initial; text-align: center;\"><span style=\"font-size: 24pt; font-family: impact, sans-serif;\"><strong><span style=\"color: #1d2129;\">QUATRO NOTAS IMPORTANTES PARA QUEM QUER CONHE&#8221;SER&#8221; PARA SE FORTALECER:<\/span><\/strong><\/span><\/p>\t\t\t\t\t\t\t\t<\/div>\n\t\t\t\t<\/div>\n\t\t\t\t\t<\/div>\n\t\t<\/div>\n\t\t\t\t\t<\/div>\n\t\t<\/section>\n\t\t\t\t<section class=\"elementor-section elementor-top-section elementor-element elementor-element-f60fc32 elementor-section-boxed elementor-section-height-default elementor-section-height-default\" data-id=\"f60fc32\" data-element_type=\"section\" data-e-type=\"section\">\n\t\t\t\t\t\t<div class=\"elementor-container elementor-column-gap-default\">\n\t\t\t\t\t<div class=\"elementor-column elementor-col-100 elementor-top-column elementor-element elementor-element-022e7d2\" data-id=\"022e7d2\" data-element_type=\"column\" data-e-type=\"column\">\n\t\t\t<div class=\"elementor-widget-wrap elementor-element-populated\">\n\t\t\t\t\t\t<div class=\"elementor-element elementor-element-93650af elementor-widget elementor-widget-text-editor\" data-id=\"93650af\" data-element_type=\"widget\" data-e-type=\"widget\" data-widget_type=\"text-editor.default\">\n\t\t\t\t<div class=\"elementor-widget-container\">\n\t\t\t\t\t\t\t\t\t<p><span style=\"background-color: #ffffff; font-family: tahoma, arial, helvetica, sans-serif; color: #000080; font-size: 14pt;\"><strong>1 &#8211; BAIXE (GRATUITAMENTE) O LIVRO COM AS LEIS QUE D\u00c3O SENTIDO AO ECA E SUAS ALTERA\u00c7\u00d5ES (atualizado):<\/strong><\/span><\/p>\t\t\t\t\t\t\t\t<\/div>\n\t\t\t\t<\/div>\n\t\t\t\t\t<\/div>\n\t\t<\/div>\n\t\t\t\t\t<\/div>\n\t\t<\/section>\n\t\t\t\t<section class=\"elementor-section elementor-top-section elementor-element elementor-element-0791970 elementor-section-boxed elementor-section-height-default elementor-section-height-default\" data-id=\"0791970\" data-element_type=\"section\" data-e-type=\"section\">\n\t\t\t\t\t\t<div class=\"elementor-container elementor-column-gap-default\">\n\t\t\t\t\t<div class=\"elementor-column elementor-col-100 elementor-top-column elementor-element elementor-element-2c60edf\" data-id=\"2c60edf\" data-element_type=\"column\" data-e-type=\"column\">\n\t\t\t<div class=\"elementor-widget-wrap elementor-element-populated\">\n\t\t\t\t\t\t<div class=\"elementor-element elementor-element-6540557 elementor-widget elementor-widget-image\" data-id=\"6540557\" data-element_type=\"widget\" data-e-type=\"widget\" data-widget_type=\"image.default\">\n\t\t\t\t<div class=\"elementor-widget-container\">\n\t\t\t\t\t\t\t\t\t\t\t\t<figure class=\"wp-caption\">\n\t\t\t\t\t\t\t\t\t\t\t<a href=\"http:\/\/eca-capacita.com.br\/Baixe-o-ECA-Atualizado\" target=\"_blank\">\n\t\t\t\t\t\t\t<img fetchpriority=\"high\" decoding=\"async\" width=\"574\" height=\"567\" src=\"https:\/\/eca-capacita.com.br\/videocapacita\/wp-content\/uploads\/2018\/05\/Nova-capa-Leis-que-alteraram-o-ECA.png\" class=\"attachment-large size-large wp-image-1393\" alt=\"\" srcset=\"https:\/\/eca-capacita.com.br\/videocapacita\/wp-content\/uploads\/2018\/05\/Nova-capa-Leis-que-alteraram-o-ECA.png 574w, https:\/\/eca-capacita.com.br\/videocapacita\/wp-content\/uploads\/2018\/05\/Nova-capa-Leis-que-alteraram-o-ECA-300x296.png 300w\" sizes=\"(max-width: 574px) 100vw, 574px\" \/>\t\t\t\t\t\t\t\t<\/a>\n\t\t\t\t\t\t\t\t\t\t\t<figcaption class=\"widget-image-caption wp-caption-text\">Itens do Livro sobre Leis correlatas ao ECA.<\/figcaption>\n\t\t\t\t\t\t\t\t\t\t<\/figure>\n\t\t\t\t\t\t\t\t\t<\/div>\n\t\t\t\t<\/div>\n\t\t\t\t\t<\/div>\n\t\t<\/div>\n\t\t\t\t\t<\/div>\n\t\t<\/section>\n\t\t\t\t<section class=\"elementor-section elementor-top-section elementor-element elementor-element-2947817 elementor-section-boxed elementor-section-height-default elementor-section-height-default\" data-id=\"2947817\" data-element_type=\"section\" data-e-type=\"section\">\n\t\t\t\t\t\t<div class=\"elementor-container elementor-column-gap-default\">\n\t\t\t\t\t<div class=\"elementor-column elementor-col-100 elementor-top-column elementor-element elementor-element-c80c6d4\" data-id=\"c80c6d4\" data-element_type=\"column\" data-e-type=\"column\">\n\t\t\t<div class=\"elementor-widget-wrap elementor-element-populated\">\n\t\t\t\t\t\t<div class=\"elementor-element elementor-element-a972540 elementor-widget elementor-widget-text-editor\" data-id=\"a972540\" data-element_type=\"widget\" data-e-type=\"widget\" data-widget_type=\"text-editor.default\">\n\t\t\t\t<div class=\"elementor-widget-container\">\n\t\t\t\t\t\t\t\t\t<p><span style=\"color: #000080;\"><strong><span style=\"font-size: 14pt;\">2 &#8211; ADQUIRA O LIVRO COM OS FUNDAMENTOS \u00c9TICOS SOBRE A SUBSTITUI\u00c7\u00c3O DE CONSELHEIROS TUTELARES TITULARES;<\/span><\/strong><\/span><\/p>\t\t\t\t\t\t\t\t<\/div>\n\t\t\t\t<\/div>\n\t\t\t\t\t<\/div>\n\t\t<\/div>\n\t\t\t\t\t<\/div>\n\t\t<\/section>\n\t\t\t\t<section class=\"elementor-section elementor-top-section elementor-element elementor-element-9caf1e4 elementor-section-boxed elementor-section-height-default elementor-section-height-default\" data-id=\"9caf1e4\" data-element_type=\"section\" data-e-type=\"section\">\n\t\t\t\t\t\t<div class=\"elementor-container elementor-column-gap-default\">\n\t\t\t\t\t<div class=\"elementor-column elementor-col-100 elementor-top-column elementor-element elementor-element-9d47a73\" data-id=\"9d47a73\" data-element_type=\"column\" data-e-type=\"column\">\n\t\t\t<div class=\"elementor-widget-wrap elementor-element-populated\">\n\t\t\t\t\t\t<div class=\"elementor-element elementor-element-e458ec3 elementor-widget elementor-widget-image\" data-id=\"e458ec3\" data-element_type=\"widget\" data-e-type=\"widget\" data-widget_type=\"image.default\">\n\t\t\t\t<div class=\"elementor-widget-container\">\n\t\t\t\t\t\t\t\t\t\t\t\t\t\t\t\t<a href=\"https:\/\/app.monetizze.com.br\/r\/AFY856834\" target=\"_blank\">\n\t\t\t\t\t\t\t<img decoding=\"async\" width=\"566\" height=\"583\" src=\"https:\/\/eca-capacita.com.br\/videocapacita\/wp-content\/uploads\/2018\/04\/Livreto-Suplentes-e-Titulares-do-CT.png\" class=\"attachment-large size-large wp-image-1335\" alt=\"\" srcset=\"https:\/\/eca-capacita.com.br\/videocapacita\/wp-content\/uploads\/2018\/04\/Livreto-Suplentes-e-Titulares-do-CT.png 566w, https:\/\/eca-capacita.com.br\/videocapacita\/wp-content\/uploads\/2018\/04\/Livreto-Suplentes-e-Titulares-do-CT-291x300.png 291w\" sizes=\"(max-width: 566px) 100vw, 566px\" \/>\t\t\t\t\t\t\t\t<\/a>\n\t\t\t\t\t\t\t\t\t\t\t\t\t\t\t<\/div>\n\t\t\t\t<\/div>\n\t\t\t\t\t<\/div>\n\t\t<\/div>\n\t\t\t\t\t<\/div>\n\t\t<\/section>\n\t\t\t\t<section class=\"elementor-section elementor-top-section elementor-element elementor-element-da81d7a elementor-section-boxed elementor-section-height-default elementor-section-height-default\" data-id=\"da81d7a\" data-element_type=\"section\" data-e-type=\"section\">\n\t\t\t\t\t\t<div class=\"elementor-container elementor-column-gap-default\">\n\t\t\t\t\t<div class=\"elementor-column elementor-col-100 elementor-top-column elementor-element elementor-element-e4dd793\" data-id=\"e4dd793\" data-element_type=\"column\" data-e-type=\"column\">\n\t\t\t<div class=\"elementor-widget-wrap elementor-element-populated\">\n\t\t\t\t\t\t<section class=\"elementor-section elementor-inner-section elementor-element elementor-element-faa3e6a elementor-section-boxed elementor-section-height-default elementor-section-height-default\" data-id=\"faa3e6a\" data-element_type=\"section\" data-e-type=\"section\">\n\t\t\t\t\t\t<div class=\"elementor-container elementor-column-gap-default\">\n\t\t\t\t\t<div class=\"elementor-column elementor-col-50 elementor-inner-column elementor-element elementor-element-bb1c80b\" data-id=\"bb1c80b\" data-element_type=\"column\" data-e-type=\"column\">\n\t\t\t<div class=\"elementor-widget-wrap elementor-element-populated\">\n\t\t\t\t\t\t<div class=\"elementor-element elementor-element-2dfc984 elementor-widget elementor-widget-text-editor\" data-id=\"2dfc984\" data-element_type=\"widget\" data-e-type=\"widget\" data-widget_type=\"text-editor.default\">\n\t\t\t\t<div class=\"elementor-widget-container\">\n\t\t\t\t\t\t\t\t\t<p><strong><span style=\"font-size: 14pt; color: #000080;\">3 &#8211; ASSISTA AS CAPACITA\u00c7\u00d5ES DISPON\u00cdVEIS NO SITE V\u00cdDEOCAPACITA;<\/span><\/strong><\/p>\t\t\t\t\t\t\t\t<\/div>\n\t\t\t\t<\/div>\n\t\t\t\t\t<\/div>\n\t\t<\/div>\n\t\t\t\t<div class=\"elementor-column elementor-col-50 elementor-inner-column elementor-element elementor-element-21868b2\" data-id=\"21868b2\" data-element_type=\"column\" data-e-type=\"column\">\n\t\t\t<div class=\"elementor-widget-wrap elementor-element-populated\">\n\t\t\t\t\t\t<div class=\"elementor-element elementor-element-8cd2919 elementor-widget elementor-widget-image\" data-id=\"8cd2919\" data-element_type=\"widget\" data-e-type=\"widget\" data-widget_type=\"image.default\">\n\t\t\t\t<div class=\"elementor-widget-container\">\n\t\t\t\t\t\t\t\t\t\t\t\t\t\t\t\t<a href=\"http:\/\/eca-capacita.com.br\/videocapacita\/\" target=\"_blank\">\n\t\t\t\t\t\t\t<img decoding=\"async\" width=\"720\" height=\"340\" src=\"https:\/\/eca-capacita.com.br\/videocapacita\/wp-content\/uploads\/2018\/05\/Site-video-capacita-eca-capacita-720x340.png\" class=\"attachment-thumb-large size-thumb-large wp-image-1398\" alt=\"\" srcset=\"https:\/\/eca-capacita.com.br\/videocapacita\/wp-content\/uploads\/2018\/05\/Site-video-capacita-eca-capacita-720x340.png 720w, https:\/\/eca-capacita.com.br\/videocapacita\/wp-content\/uploads\/2018\/05\/Site-video-capacita-eca-capacita-520x245.png 520w\" sizes=\"(max-width: 720px) 100vw, 720px\" \/>\t\t\t\t\t\t\t\t<\/a>\n\t\t\t\t\t\t\t\t\t\t\t\t\t\t\t<\/div>\n\t\t\t\t<\/div>\n\t\t\t\t\t<\/div>\n\t\t<\/div>\n\t\t\t\t\t<\/div>\n\t\t<\/section>\n\t\t\t\t\t<\/div>\n\t\t<\/div>\n\t\t\t\t\t<\/div>\n\t\t<\/section>\n\t\t\t\t<section class=\"elementor-section elementor-top-section elementor-element elementor-element-783d69d elementor-section-boxed elementor-section-height-default elementor-section-height-default\" data-id=\"783d69d\" data-element_type=\"section\" data-e-type=\"section\">\n\t\t\t\t\t\t<div class=\"elementor-container elementor-column-gap-default\">\n\t\t\t\t\t<div class=\"elementor-column elementor-col-100 elementor-top-column elementor-element elementor-element-a5aed67\" data-id=\"a5aed67\" data-element_type=\"column\" data-e-type=\"column\">\n\t\t\t<div class=\"elementor-widget-wrap elementor-element-populated\">\n\t\t\t\t\t\t<section class=\"elementor-section elementor-inner-section elementor-element elementor-element-5502dad elementor-section-boxed elementor-section-height-default elementor-section-height-default\" data-id=\"5502dad\" data-element_type=\"section\" data-e-type=\"section\">\n\t\t\t\t\t\t<div class=\"elementor-container elementor-column-gap-default\">\n\t\t\t\t\t<div class=\"elementor-column elementor-col-50 elementor-inner-column elementor-element elementor-element-b3a76e4\" data-id=\"b3a76e4\" data-element_type=\"column\" data-e-type=\"column\">\n\t\t\t<div class=\"elementor-widget-wrap elementor-element-populated\">\n\t\t\t\t\t\t<div class=\"elementor-element elementor-element-eb3d6a3 elementor-widget elementor-widget-text-editor\" data-id=\"eb3d6a3\" data-element_type=\"widget\" data-e-type=\"widget\" data-widget_type=\"text-editor.default\">\n\t\t\t\t<div class=\"elementor-widget-container\">\n\t\t\t\t\t\t\t\t\t<p><span style=\"font-size: 14pt;\"><strong><span style=\"color: #000080;\">4 &#8211; LEIA AS ORIENTA\u00c7\u00d5ES E MAT\u00c9RIAS DISPON\u00cdVEIS NO SITE ECA-CAPACITA.COM.BR<\/span><\/strong><\/span><\/p>\t\t\t\t\t\t\t\t<\/div>\n\t\t\t\t<\/div>\n\t\t\t\t\t<\/div>\n\t\t<\/div>\n\t\t\t\t<div class=\"elementor-column elementor-col-50 elementor-inner-column elementor-element elementor-element-2b54006\" data-id=\"2b54006\" data-element_type=\"column\" data-e-type=\"column\">\n\t\t\t<div class=\"elementor-widget-wrap elementor-element-populated\">\n\t\t\t\t\t\t<div class=\"elementor-element elementor-element-6dde3e1 elementor-widget elementor-widget-image\" data-id=\"6dde3e1\" data-element_type=\"widget\" data-e-type=\"widget\" data-widget_type=\"image.default\">\n\t\t\t\t<div class=\"elementor-widget-container\">\n\t\t\t\t\t\t\t\t\t\t\t\t\t\t\t\t<a href=\"http:\/\/eca-capacita.com.br\/\" target=\"_blank\">\n\t\t\t\t\t\t\t<img loading=\"lazy\" decoding=\"async\" width=\"720\" height=\"340\" src=\"https:\/\/eca-capacita.com.br\/videocapacita\/wp-content\/uploads\/2018\/05\/site-eca-capacita-720x340.png\" class=\"attachment-thumb-large size-thumb-large wp-image-1404\" alt=\"\" srcset=\"https:\/\/eca-capacita.com.br\/videocapacita\/wp-content\/uploads\/2018\/05\/site-eca-capacita-720x340.png 720w, https:\/\/eca-capacita.com.br\/videocapacita\/wp-content\/uploads\/2018\/05\/site-eca-capacita-520x245.png 520w\" sizes=\"(max-width: 720px) 100vw, 720px\" \/>\t\t\t\t\t\t\t\t<\/a>\n\t\t\t\t\t\t\t\t\t\t\t\t\t\t\t<\/div>\n\t\t\t\t<\/div>\n\t\t\t\t\t<\/div>\n\t\t<\/div>\n\t\t\t\t\t<\/div>\n\t\t<\/section>\n\t\t\t\t\t<\/div>\n\t\t<\/div>\n\t\t\t\t\t<\/div>\n\t\t<\/section>\n\t\t\t\t<section class=\"elementor-section elementor-top-section elementor-element elementor-element-f1c67d9 elementor-section-boxed elementor-section-height-default elementor-section-height-default\" data-id=\"f1c67d9\" data-element_type=\"section\" data-e-type=\"section\">\n\t\t\t\t\t\t<div class=\"elementor-container elementor-column-gap-default\">\n\t\t\t\t\t<div class=\"elementor-column elementor-col-100 elementor-top-column elementor-element elementor-element-38f5f5b\" data-id=\"38f5f5b\" data-element_type=\"column\" data-e-type=\"column\">\n\t\t\t<div class=\"elementor-widget-wrap elementor-element-populated\">\n\t\t\t\t\t\t<div class=\"elementor-element elementor-element-9b86d27 elementor-widget elementor-widget-text-editor\" data-id=\"9b86d27\" data-element_type=\"widget\" data-e-type=\"widget\" data-widget_type=\"text-editor.default\">\n\t\t\t\t<div class=\"elementor-widget-container\">\n\t\t\t\t\t\t\t\t\t<p><span style=\"font-size: 14pt;\"><strong><span style=\"color: #000000;\">E-mail:<\/span>\u00a0 <\/strong><span style=\"color: #000080;\"><a style=\"color: #000080;\" href=\"mailto:prof.delnerio@eca-capacita.com.br\"><strong>prof.delnerio@eca-capacita.com.br<\/strong><\/a><strong>\u00a0\u00a0\u00a0\u00a0\u00a0\u00a0\u00a0\u00a0\u00a0 <\/strong><a style=\"color: #000080;\" href=\"mailto:delnerio@gmail.com\"><strong>delnerio@gmail.com<\/strong><\/a><\/span><\/span><\/p><p><span style=\"color: #000080;\"><strong>\u00a0<\/strong><\/span><\/p><p><span style=\"font-size: 18pt; color: #000000;\"><strong>CONFER\u00caNCIA MUNICIPAL E CAPACITA\u00c7\u00c3O COM PROF. DELNERIO, VEJA NOS LINKS:<\/strong><\/span><\/p><p><span style=\"font-size: 14pt; color: #000080;\"><a style=\"color: #000080;\" href=\"http:\/\/eca-capacita.com.br\/conferencia-dos-direitos-de-criancas-e-adolescentes-2018-2019\/\">http:\/\/eca-capacita.com.br\/conferencia-dos-direitos-de-criancas-e-adolescentes-2018-2019\/<\/a><\/span><\/p><p><span style=\"font-size: 14pt; color: #000080;\"><a style=\"color: #000080;\" href=\"http:\/\/eca-capacita.com.br\/formacao-para-os-atores-do-sistema-de-garantia\/\">http:\/\/eca-capacita.com.br\/formacao-para-os-atores-do-sistema-de-garantia\/<\/a><\/span><\/p><p><strong>\u00a0<\/strong><\/p>\t\t\t\t\t\t\t\t<\/div>\n\t\t\t\t<\/div>\n\t\t\t\t\t<\/div>\n\t\t<\/div>\n\t\t\t\t\t<\/div>\n\t\t<\/section>\n\t\t\t\t<\/div>\n\t\t","protected":false},"excerpt":{"rendered":"<p>QUATRO NOTAS IMPORTANTES PARA QUEM QUER CONHE&#8221;SER&#8221; PARA SE FORTALECER: 1 &#8211; BAIXE (GRATUITAMENTE) O LIVRO COM AS LEIS QUE D\u00c3O SENTIDO AO ECA E SUAS ALTERA\u00c7\u00d5ES (atualizado): Itens do Livro sobre Leis correlatas ao ECA. 2 &#8211; ADQUIRA O&#46;&#46;&#46;<\/p>\n","protected":false},"author":1,"featured_media":0,"parent":0,"menu_order":0,"comment_status":"closed","ping_status":"closed","template":"elementor_canvas","meta":{"footnotes":""},"class_list":["post-1388","page","type-page","status-publish","hentry"],"_links":{"self":[{"href":"https:\/\/eca-capacita.com.br\/videocapacita\/wp-json\/wp\/v2\/pages\/1388","targetHints":{"allow":["GET"]}}],"collection":[{"href":"https:\/\/eca-capacita.com.br\/videocapacita\/wp-json\/wp\/v2\/pages"}],"about":[{"href":"https:\/\/eca-capacita.com.br\/videocapacita\/wp-json\/wp\/v2\/types\/page"}],"author":[{"embeddable":true,"href":"https:\/\/eca-capacita.com.br\/videocapacita\/wp-json\/wp\/v2\/users\/1"}],"replies":[{"embeddable":true,"href":"https:\/\/eca-capacita.com.br\/videocapacita\/wp-json\/wp\/v2\/comments?post=1388"}],"version-history":[{"count":13,"href":"https:\/\/eca-capacita.com.br\/videocapacita\/wp-json\/wp\/v2\/pages\/1388\/revisions"}],"predecessor-version":[{"id":1406,"href":"https:\/\/eca-capacita.com.br\/videocapacita\/wp-json\/wp\/v2\/pages\/1388\/revisions\/1406"}],"wp:attachment":[{"href":"https:\/\/eca-capacita.com.br\/videocapacita\/wp-json\/wp\/v2\/media?parent=1388"}],"curies":[{"name":"wp","href":"https:\/\/api.w.org\/{rel}","templated":true}]}}