{"id":607,"date":"2017-08-15T18:45:58","date_gmt":"2017-08-15T21:45:58","guid":{"rendered":"http:\/\/eca-capacita.com.br\/videocapacita\/?page_id=607"},"modified":"2017-08-15T18:45:58","modified_gmt":"2017-08-15T21:45:58","slug":"termos-e-condicoes-de-uso-do-site","status":"publish","type":"page","link":"https:\/\/eca-capacita.com.br\/videocapacita\/termos-e-condicoes-de-uso-do-site\/","title":{"rendered":"Termos e Condi\u00e7\u00f5es de Uso do Site"},"content":{"rendered":"<p style=\"text-align: center;\"><span style=\"font-size: 14pt;\"><strong>Termos e Condi\u00e7\u00f5es de Uso do Site<\/strong><\/span><\/p>\n<p>&nbsp;<\/p>\n<p>Sum\u00e1rio<\/p>\n<ol>\n<li>Apresenta\u00e7\u00e3o e defini\u00e7\u00f5es<\/li>\n<li>Regras de utiliza\u00e7\u00e3o do site<\/li>\n<li>Dados pessoais, privacidade e seguran\u00e7a<\/li>\n<li>Oferta de produtos<\/li>\n<li>Promo\u00e7\u00f5es<\/li>\n<li>Responsabilidades<\/li>\n<li>Links para outros websites<\/li>\n<li>Aplica\u00e7\u00f5es de Internet ou v\u00edrus de computador<\/li>\n<li>Direitos de Propriedade Intelectual<\/li>\n<li>Dura\u00e7\u00e3o<\/li>\n<li>Idioma<\/li>\n<\/ol>\n<p>&nbsp;<\/p>\n<p>&nbsp;<\/p>\n<ol>\n<li><strong> Apresenta\u00e7\u00e3o e defini\u00e7\u00f5es <\/strong><\/li>\n<\/ol>\n<p>&nbsp;<\/p>\n<p>Este site \u00e9 de propriedade, mantido, e operado por Delnerio Nascimento da Cruz, doravente chamado de <strong>Dono<\/strong>, com sede em Guarulhos\/SP e endere\u00e7o de e-mail <a href=\"mailto:prof.delnerio@eca-capacita.com.br\">prof.delnerio@eca-capacita.com.br<\/a>.<\/p>\n<p>Este documento relaciona os termos e condi\u00e7\u00f5es que devem ser observados em seu acesso aos sites <a href=\"http:\/\/www.eca-capacita.com.br\">www.eca-capacita.com.br<\/a> e <a href=\"http:\/\/www.eca.capacita.com.br\/videocapacita\">www.eca.capacita.com.br\/videocapacita<\/a> \u00a0e pelos Usu\u00e1rios (conforme defini\u00e7\u00e3o abaixo) na utiliza\u00e7\u00e3o do Site, de suas ferramentas e de suas funcionalidades. O <strong>Dono<\/strong> faculta acesso e utiliza\u00e7\u00e3o do Site a quaisquer Usu\u00e1rios.<\/p>\n<p>O Usu\u00e1rio declara ter lido e aceito estes Termos e Condi\u00e7\u00f5es de Uso e das Pol\u00edticas antes de ter iniciado a utiliza\u00e7\u00e3o do Site. Caso o Usu\u00e1rio n\u00e3o aceite estes Termos e Condi\u00e7\u00f5es de Uso, n\u00e3o lhe ser\u00e1 permitido acesso a \u00e1reas restritas do Site.<\/p>\n<p>Para os fins destes Termos e Condi\u00e7\u00f5es de Uso, bem como das Pol\u00edticas, os termos abaixo ter\u00e3o os seguintes significados:<\/p>\n<p><strong>Clientes &#8211;<\/strong> Usu\u00e1rios que preencheram o cadastro e det\u00eam uma Conta de Acesso;<\/p>\n<p><strong>Compra &#8211;<\/strong> Transa\u00e7\u00e3o por meio da qual um Cliente adquire um produto oferecido \u00e0 venda no Site, mediante a realiza\u00e7\u00e3o de pagamento do valor do produto;<\/p>\n<p><strong>Conta de Acesso &#8211;<\/strong> Credencial definida pelo nome de usu\u00e1rio (login) e senha de um visitante cadastrado (Cliente), pessoal e intransfer\u00edvel, que permite acesso \u00e0 \u00e1rea restrita e \u00e0s funcionalidades exclusivas no Site, tais como acesso e altera\u00e7\u00e3o de dados pessoais, inscri\u00e7\u00e3o e cancelamento de participa\u00e7\u00e3o em cursos, cria\u00e7\u00e3o, edi\u00e7\u00e3o e remo\u00e7\u00e3o de listas de desejos, entre outras &#8211; (que vierem a ser disponibilizadas neste site);<\/p>\n<p><strong>ECA Capacita \u2013<\/strong> Nome Fantasia que o <strong>Dono<\/strong> se identifica no mercado;<\/p>\n<p><strong>Marca &#8211;<\/strong> Quaisquer sinais distintivos de titularidade da e\/ou licenciados ao <strong>Dono<\/strong>, que sejam utilizados na identifica\u00e7\u00e3o do Site, de seu conte\u00fado ou de servi\u00e7o prestado pelo <strong>Dono<\/strong>.<\/p>\n<p><strong>Pol\u00edticas.<\/strong> As pol\u00edticas que complementam e integram estes Termos e Condi\u00e7\u00f5es de Uso, nominalmente Pol\u00edtica de Trocas e Devolu\u00e7\u00f5es, Pol\u00edtica de Pagamentos, Pol\u00edtica de Entrega de Produtos e a Pol\u00edtica de Privacidade e Seguran\u00e7a, todas dispon\u00edveis no Site;<\/p>\n<p><strong>Propriedade Intelectual &#8211;<\/strong> Todos os bens de propriedade intelectual de titularidade do <strong>Dono<\/strong>, de qualquer empresa pertencente a seu grupo econ\u00f4mico, ou, ainda, de terceiro, cujo uso seja licenciado e\/ou autorizado, incluindo mas n\u00e3o se limitando a Marcas, patentes, inven\u00e7\u00f5es ou modelos de utilidade, desenhos industriais, know-how, segredos de neg\u00f3cio, ilustra\u00e7\u00f5es, fotografias e\/ou conte\u00fados de qualquer tela do Site ou quaisquer obras intelectuais ou outros conte\u00fados que estejam inseridos em qualquer obra intelectual ou qualquer bem protegido por direitos de propriedade intelectual.<\/p>\n<p><strong>Site &#8211;<\/strong> O website de propriedade, mantido e operado pelo <strong>Dono<\/strong>, hospedado no dom\u00ednio eca-capacita.com.br e todas as p\u00e1ginas nele compreendidas; e<\/p>\n<p>Usu\u00e1rios. Quaisquer pessoas que acessem o Site, incluindo visitantes an\u00f4nimos e Clientes.<\/p>\n<p>&nbsp;<\/p>\n<ol start=\"2\">\n<li><strong> Regras de utiliza\u00e7\u00e3o do Site <\/strong><\/li>\n<\/ol>\n<p>&nbsp;<\/p>\n<p>O Usu\u00e1rio obriga-se a utilizar o Site respeitando e observando estes Termos e Condi\u00e7\u00f5es de Uso, bem como a legisla\u00e7\u00e3o vigente, os costumes e a ordem p\u00fablica. Desta forma, o Usu\u00e1rio concorda que n\u00e3o poder\u00e1: (i) lesar direitos de terceiros, independentemente de sua natureza, em qualquer momento, inclusive no decorrer do uso do Site; (ii) executar atos que limitem ou impe\u00e7am o acesso e a utiliza\u00e7\u00e3o do Site, em condi\u00e7\u00f5es adequadas, aos demais Usu\u00e1rios; (iii) acessar ilicitamente o Site ou sistemas inform\u00e1ticos de terceiros relacionados ao Site ou sob qualquer meio ou forma; (iv) difundir programas ou v\u00edrus inform\u00e1ticos suscet\u00edveis de causar danos de qualquer natureza, inclusive em equipamentos e sistemas deste site, de sua hospedagem, ou de terceiros; (v) utilizar mecanismos que n\u00e3o os expressamente habilitados ou recomendados no Site para obten\u00e7\u00e3o de informa\u00e7\u00f5es, conte\u00fados e servi\u00e7os; (vi) realizar quaisquer atos que de alguma forma possam implicar qualquer preju\u00edzo ou dano ao <strong>Dono<\/strong> ou a outros Usu\u00e1rios; (vii) acessar \u00e1reas de programa\u00e7\u00e3o do Site, bases de dados ou qualquer outro conjunto de informa\u00e7\u00f5es que escape \u00e0s \u00e1reas p\u00fablicas ou restritas do Site; (viii) realizar ou permitir engenharia reversa, traduzir, modificar, alterar a linguagem, compilar, decompilar, modificar, reproduzir, alugar, sublocar, divulgar, transmitir, distribuir, usar ou, de outra maneira, dispor do Site ou das ferramentas e funcionalidades nele disponibilizadas sob qualquer meio ou forma, inclusive de modo a violar direitos de Propriedade Intelectual do <strong>Dono<\/strong> e\/ou de terceiros; (ix) praticar ou participar de qualquer ato que constitua uma viola\u00e7\u00e3o de qualquer direito do <strong>Dono<\/strong> (inclusive de sua Propriedade Intelectual ou de terceiros ou ainda de qualquer lei aplic\u00e1vel, ou agir sob qualquer meio ou forma que possa contribuir com tal viola\u00e7\u00e3o; (x) interferir na seguran\u00e7a ou cometer usos indevidos contra o Site ou qualquer recurso do sistema, rede ou servi\u00e7o conectado ou que possa ser acessado por meio do Site, devendo acessar o Site apenas para fins l\u00edcitos e autorizados; (xi) utilizar o dom\u00ednio da eca-capacita.com.br \u00a0para criar links ou atalhos a serem disponibilizados em e-mails n\u00e3o solicitados (mensagens spam) ou em websites de terceiros ou do pr\u00f3prio Usu\u00e1rio ou, ainda, para realizar qualquer tipo de a\u00e7\u00e3o que possa vir a prejudicar a imagem dos Sites administrados pelo <strong>Dono<\/strong> ou terceiros (sem a devida e expressa autoriza\u00e7\u00e3o); (xii) utilizar aplicativos automatizados de coleta e sele\u00e7\u00e3o de dados para realizar opera\u00e7\u00f5es massificadas ou para quaisquer finalidades ou, ainda, para coletar e transferir quaisquer dados que possam ser extra\u00eddos do Site para fins n\u00e3o permitidos ou il\u00edcitos, (xiii) utilizar as ferramentas e funcionalidades do Site para difundir mensagens n\u00e3o relacionadas com o Site ou com as finalidades do Site, incluindo mensagens de cunho racista, \u00e9tnico, pol\u00edtico, religioso, cultural ou depreciativo, difamat\u00f3rio e\/ou calunioso de qualquer pessoa ou grupo social. O Usu\u00e1rio concorda em indenizar, defender e isentar o <strong>Dono<\/strong> de qualquer reclama\u00e7\u00e3o, notifica\u00e7\u00e3o, intima\u00e7\u00e3o ou a\u00e7\u00e3o judicial ou extrajudicial, ou ainda de qualquer responsabilidade, dano, custo ou despesa decorrente de qualquer viola\u00e7\u00e3o e\/ou infra\u00e7\u00e3o cometida pelo Usu\u00e1rio ou qualquer pessoa agindo em seu nome, com seu consentimento ou toler\u00e2ncia, em rela\u00e7\u00e3o ao Site (inclusive com rela\u00e7\u00e3o a qualquer disposi\u00e7\u00e3o destes Termos e Condi\u00e7\u00f5es de Uso), inclusive qualquer pessoa que tenha obtido os dados do Usu\u00e1rio relacionados a sua Conta de Acesso ou a sua navega\u00e7\u00e3o no Site.<\/p>\n<p>O <strong>Dono<\/strong> poder\u00e1, a seu exclusivo crit\u00e9rio, bloquear, restringir, desabilitar ou impedir o acesso de qualquer Usu\u00e1rio ao Site, total ou parcialmente, sem qualquer aviso pr\u00e9vio, sempre que for detectada uma conduta inadequada do Usu\u00e1rio, sem preju\u00edzo das medidas administrativas, extrajudiciais e judiciais que julgar convenientes.<\/p>\n<p>&nbsp;<\/p>\n<p>&nbsp;<\/p>\n<ol start=\"3\">\n<li><strong> Dados pessoais, privacidade e seguran\u00e7a <\/strong><\/li>\n<\/ol>\n<p>&nbsp;<\/p>\n<p>O <strong>Dono<\/strong> disp\u00f5e de uma pol\u00edtica espec\u00edfica para regular a coleta, guarda e utiliza\u00e7\u00e3o de dados pessoais, bem como a sua seguran\u00e7a: Pol\u00edtica de Privacidade e Seguran\u00e7a. Essa pol\u00edtica espec\u00edfica integra inseparavelmente estes Termos e Condi\u00e7\u00f5es de Uso, ressaltando-se que os dados de utiliza\u00e7\u00e3o do Site ser\u00e3o arquivados nos termos da legisla\u00e7\u00e3o em vigor.<\/p>\n<p>&nbsp;<\/p>\n<ol start=\"4\">\n<li><strong> Oferta de produtos <\/strong><\/li>\n<\/ol>\n<p>&nbsp;<\/p>\n<p>Informa\u00e7\u00f5es. O <strong>Dono<\/strong> disponibilizar\u00e1 no Site produtos e servi\u00e7os, pr\u00f3prios ou de terceiros. Cada qual com suas devidas explica\u00e7\u00f5es de acesso e garantia.<\/p>\n<p>Territ\u00f3rio. O Site tem ferramentas de geolocaliza\u00e7\u00e3o manuais (por meio de informa\u00e7\u00e3o prestada pelo pr\u00f3prio Usu\u00e1rio) e autom\u00e1ticas (por meio de cookies) que determinam o conte\u00fado a ser apresentado para cada usu\u00e1rio. No entanto, em virtude de limita\u00e7\u00f5es de tais ferramentas, \u00e9 poss\u00edvel que o Usu\u00e1rio acesse conte\u00fado (oferta de produtos, inclusive) direcionado a uma zona geogr\u00e1fica diferente daquela onde est\u00e1 localizado.<\/p>\n<p>&nbsp;<\/p>\n<ol start=\"5\">\n<li><strong> Promo\u00e7\u00f5es <\/strong><\/li>\n<\/ol>\n<p>&nbsp;<\/p>\n<p>Realiza\u00e7\u00e3o. O <strong>Dono<\/strong> poder\u00e1, a qualquer momento, por motivos puramente comerciais e a seu exclusivo crit\u00e9rio, criar e manter campanhas promocionais, oferecendo determinados produtos\/servi\u00e7os a pre\u00e7os inferiores aos usualmente praticados ou com a incid\u00eancia de descontos.<\/p>\n<p>Condi\u00e7\u00f5es. As promo\u00e7\u00f5es n\u00e3o ser\u00e3o cumulativas e poder\u00e3o ser limitadas: (i) a uma determinada quantidade de produtos em promo\u00e7\u00e3o; (ii) a um determinado per\u00edodo de tempo; (iii) a aceita\u00e7\u00e3o de condi\u00e7\u00f5es especiais, como a impossibilidade de troca do produto. As condi\u00e7\u00f5es de validade das promo\u00e7\u00f5es ser\u00e3o claramente veiculadas por todos os meios de divulga\u00e7\u00e3o das promo\u00e7\u00f5es e o <strong>Dono<\/strong> recomenda a sua atenta leitura pelo Usu\u00e1rio. Em caso de d\u00favidas, o Usu\u00e1rio pode entrar em contato atrav\u00e9s do e-mail <a href=\"mailto:prof.delnerio@eca-capacita.com.br\">prof.delnerio@eca-capacita.com.br<\/a>.<\/p>\n<p>&nbsp;<\/p>\n<p>&nbsp;<\/p>\n<ol start=\"6\">\n<li><strong> Responsabilidades <\/strong><\/li>\n<\/ol>\n<p>&nbsp;<\/p>\n<p>O <strong>Dono<\/strong> engaja seus melhores esfor\u00e7os para informar, atender e proteger o Usu\u00e1rio. O Usu\u00e1rio \u00e9 o \u00fanico respons\u00e1vel pela utiliza\u00e7\u00e3o do Site, de suas ferramentas e funcionalidades. Em nenhuma hip\u00f3tese, o <strong>Dono<\/strong> ou seus prepostos, representantes, agentes, empregados, s\u00f3cios, parceiros ou prestadores de servi\u00e7o ser\u00e3o responsabilizados por qualquer dano emergente, indireto, punitivo ou expiat\u00f3rio, lucros cessantes ou outros preju\u00edzos monet\u00e1rios relacionados a qualquer reclama\u00e7\u00e3o, a\u00e7\u00e3o judicial ou outro procedimento tomado em rela\u00e7\u00e3o \u00e0 utiliza\u00e7\u00e3o do Site, seu conte\u00fado, funcionalidades e\/ou ferramentas.<\/p>\n<p>&nbsp;<\/p>\n<ol start=\"7\">\n<li><strong> Links para outros websites <\/strong><\/li>\n<\/ol>\n<p>&nbsp;<\/p>\n<p>O Site pode conter links para sites de terceiros, os quais s\u00e3o inseridos apenas para conveni\u00eancia do Usu\u00e1rio. A inclus\u00e3o de tais links n\u00e3o implica qualquer v\u00ednculo, monitoramento ou responsabilidade do <strong>Dono<\/strong> sobre os sites, respectivos conte\u00fados ou titulares. O acesso aos sites vinculados a tais links n\u00e3o \u00e9 regido por esses Termos e Condi\u00e7\u00f5es de Uso e n\u00e3o se encontra protegido pelas Pol\u00edticas.<\/p>\n<p>O <strong>Dono<\/strong> recomenda que o Usu\u00e1rio consulte os termos e condi\u00e7\u00f5es de uso estabelecidos por cada site vinculado aos links inseridos no Site.<\/p>\n<p>O <strong>Dono<\/strong> n\u00e3o ser\u00e1 respons\u00e1vel, direta ou indiretamente, por quaisquer danos ou preju\u00edzos causados ou relacionados \u00e0 utiliza\u00e7\u00e3o de qualquer informa\u00e7\u00e3o, conte\u00fado, bens ou servi\u00e7os disponibilizados no Site ou em qualquer site de terceiros acessado por meio dos links disponibilizados no Site.<\/p>\n<p>&nbsp;<\/p>\n<ol start=\"8\">\n<li><strong> Aplica\u00e7\u00f5es de Internet ou v\u00edrus de computador <\/strong><\/li>\n<\/ol>\n<p>&nbsp;<\/p>\n<p>Em virtude de dificuldades t\u00e9cnicas, aplica\u00e7\u00f5es de Internet ou problemas de transmiss\u00e3o, \u00e9 poss\u00edvel ocorrer c\u00f3pias inexatas ou incompletas das informa\u00e7\u00f5es contidas no Site. V\u00edrus de computador ou outros programas danosos tamb\u00e9m poder\u00e3o ser baixados inadvertidamente do Site. O <strong>Dono<\/strong> n\u00e3o ser\u00e1 respons\u00e1vel por qualquer aplica\u00e7\u00e3o, v\u00edrus de computador ou outros arquivos danosos ou invasivos ou programas que possam prejudicar ou afetar a utiliza\u00e7\u00e3o do computador ou outro bem dos Usu\u00e1rios devido ao acesso, utiliza\u00e7\u00e3o ou navega\u00e7\u00e3o no Site, ou ainda pelo download de qualquer material nele contido, sendo recomendada a instala\u00e7\u00e3o de aplicativos antiv\u00edrus ou protetores adequados.<\/p>\n<p>&nbsp;<\/p>\n<ol start=\"9\">\n<li><strong> Direitos de Propriedade Intelectual <\/strong><\/li>\n<\/ol>\n<p>&nbsp;<\/p>\n<p>Marcas. O Usu\u00e1rio n\u00e3o est\u00e1 autorizado a utilizar, sob qualquer forma ou pretexto, as Marcas, suas reprodu\u00e7\u00f5es parciais ou integrais ou ainda suas imita\u00e7\u00f5es, independentemente da destina\u00e7\u00e3o de tal uso. O Usu\u00e1rio compromete-se a n\u00e3o contestar a validade de qualquer Marca ou de qualquer outro sinal distintivo depositado ou registrado pelo <strong>Dono<\/strong> ou por quaisquer empresas a ela vinculadas, sob qualquer forma, no Brasil ou no exterior. O Usu\u00e1rio compromete-se a se abster de fazer qualquer uso das Marcas ou de suas varia\u00e7\u00f5es (incluindo erros de ortografia ou varia\u00e7\u00f5es fon\u00e9ticas) como nome de dom\u00ednio ou parte de nome de dom\u00ednio ou em qualquer nome de empresa, de qualquer tipo ou natureza, sob qualquer meio ou forma, inclusive por meio da cria\u00e7\u00e3o de nomes de dom\u00ednio ou e-mails. Todas as outras marcas, nomes de produtos, ou nomes de companhias que aparecem no site s\u00e3o de propriedade exclusiva de seus respectivos titulares.<\/p>\n<p>Propriedade do conte\u00fado. Todo o conte\u00fado do Site &#8211; incluindo o nome de dom\u00ednio eca-capacita.com.br, programas, bases de dados, arquivos, textos, fotos, layouts, cabe\u00e7alhos e demais elementos &#8211; foi criado, desenvolvido ou cedido ao <strong>Dono<\/strong>, sendo de sua propriedade ou a ele licenciado e encontra-se protegido pelas leis brasileiras e tratados internacionais que versam sobre direitos de propriedade intelectual.<\/p>\n<p>Proibi\u00e7\u00e3o de utiliza\u00e7\u00e3o. O Usu\u00e1rio, ao acessar o Site, atesta que respeitar\u00e1 a exist\u00eancia e a extens\u00e3o dos direitos de Propriedade Intelectual, bem como de todos os direitos de terceiros que sejam usados, a qualquer t\u00edtulo, no Site ou que venham a ser disponibilizados no Site. O acesso ao Site e a sua regular utiliza\u00e7\u00e3o pelo Usu\u00e1rio n\u00e3o lhe confere qualquer direito ou prerrogativa sobre o qualquer Propriedade Intelectual, Marca ou outro conte\u00fado nele inserido. \u00c9 vedada a utiliza\u00e7\u00e3o, explora\u00e7\u00e3o, imita\u00e7\u00e3o, reprodu\u00e7\u00e3o, integral ou parcial, de qualquer conte\u00fado sem a autoriza\u00e7\u00e3o pr\u00e9via e por escrito do <strong>Dono<\/strong>. \u00c9 expressamente proibido ao Usu\u00e1rio reproduzir, distribuir, modificar, exibir e criar trabalhos derivados ou qualquer outra forma de utiliza\u00e7\u00e3o de qualquer Propriedade Intelectual ou outro conte\u00fado deste Site e dos materiais veiculados no ou pelo Site, sema expressa autoriza\u00e7\u00e3o do <strong>Dono<\/strong>. O Usu\u00e1rio que violar as proibi\u00e7\u00f5es contidas na legisla\u00e7\u00e3o sobre propriedade intelectual e nestes Termos e Condi\u00e7\u00f5es de Uso ser\u00e3o responsabilizados, civil e criminalmente, pelas infra\u00e7\u00f5es cometidas.<\/p>\n<p>As fotos e imagens utilizadas no Site podem n\u00e3o refletir seu tamanho original ou situa\u00e7\u00e3o atual do cen\u00e1rio reproduzido, sendo meramente ilustrativas.<\/p>\n<p>Conte\u00fado enviado pelo Cliente. Ao enviar qualquer conte\u00fado ao Site, o Cliente ret\u00e9m a titularidade de seus direitos sobre dito conte\u00fado (textos, v\u00eddeos, imagens, \u00e1udio, entre outros), cedendo ao <strong>Dono<\/strong> uma licen\u00e7a de car\u00e1ter gratuito, irrevog\u00e1vel, mundial e n\u00e3o exclusivo para a reprodu\u00e7\u00e3o, modifica\u00e7\u00e3o, tradu\u00e7\u00e3o e exibi\u00e7\u00e3o, sob qualquer meio ou forma, inclusive no Site, declarando, ainda, o Cliente ser titular de todos os direitos relacionados ao referido conte\u00fado.<\/p>\n<p>&nbsp;<\/p>\n<ol start=\"10\">\n<li><strong> Dura\u00e7\u00e3o <\/strong><\/li>\n<\/ol>\n<p>&nbsp;<\/p>\n<p>Estes Termos e Condi\u00e7\u00f5es de Uso e as Pol\u00edticas t\u00eam dura\u00e7\u00e3o indefinida e permanecer\u00e3o em vigor enquanto o Site estiver ativo. A reda\u00e7\u00e3o aplic\u00e1vel \u00e9 aquela da atualiza\u00e7\u00e3o imediatamente anterior ao acesso ou \u00e0 Compra. Da mesma forma, o acesso e a utiliza\u00e7\u00e3o do Site e dos recursos por ele oferecidos t\u00eam, em principio, dura\u00e7\u00e3o indeterminada, a exclusivo crit\u00e9rio do <strong>Dono<\/strong>, o qual reserva-se, no entanto, o direito de suspender e\/ou cancelar, de forma unilateral e a qualquer momento, o acesso ao Site ou a algumas de suas partes ou a alguns de seus recursos, sem necessidade de pr\u00e9vio aviso.<\/p>\n<p>&nbsp;<\/p>\n<ol start=\"11\">\n<li><strong> Idioma <\/strong><\/li>\n<\/ol>\n<p>&nbsp;<\/p>\n<p>Toda a documenta\u00e7\u00e3o legal do Site, incluindo os presentes Termos e Condi\u00e7\u00f5es de Uso, foi elaborada em l\u00edngua portuguesa. Em caso de contradi\u00e7\u00e3o ou diverg\u00eancia entre a vers\u00e3o em portugu\u00eas e eventual tradu\u00e7\u00e3o para qualquer outro idioma, prevalecer\u00e1 sempre a vers\u00e3o em l\u00edngua portuguesa.<\/p>\n","protected":false},"excerpt":{"rendered":"<p>Termos e Condi\u00e7\u00f5es de Uso do Site &nbsp; Sum\u00e1rio Apresenta\u00e7\u00e3o e defini\u00e7\u00f5es Regras de utiliza\u00e7\u00e3o do site Dados pessoais, privacidade e seguran\u00e7a Oferta de produtos Promo\u00e7\u00f5es Responsabilidades Links para outros websites Aplica\u00e7\u00f5es de Internet ou v\u00edrus de computador Direitos de&#46;&#46;&#46;<\/p>\n","protected":false},"author":1,"featured_media":0,"parent":0,"menu_order":0,"comment_status":"closed","ping_status":"closed","template":"","meta":{"footnotes":""},"class_list":["post-607","page","type-page","status-publish","hentry"],"_links":{"self":[{"href":"https:\/\/eca-capacita.com.br\/videocapacita\/wp-json\/wp\/v2\/pages\/607","targetHints":{"allow":["GET"]}}],"collection":[{"href":"https:\/\/eca-capacita.com.br\/videocapacita\/wp-json\/wp\/v2\/pages"}],"about":[{"href":"https:\/\/eca-capacita.com.br\/videocapacita\/wp-json\/wp\/v2\/types\/page"}],"author":[{"embeddable":true,"href":"https:\/\/eca-capacita.com.br\/videocapacita\/wp-json\/wp\/v2\/users\/1"}],"replies":[{"embeddable":true,"href":"https:\/\/eca-capacita.com.br\/videocapacita\/wp-json\/wp\/v2\/comments?post=607"}],"version-history":[{"count":1,"href":"https:\/\/eca-capacita.com.br\/videocapacita\/wp-json\/wp\/v2\/pages\/607\/revisions"}],"predecessor-version":[{"id":608,"href":"https:\/\/eca-capacita.com.br\/videocapacita\/wp-json\/wp\/v2\/pages\/607\/revisions\/608"}],"wp:attachment":[{"href":"https:\/\/eca-capacita.com.br\/videocapacita\/wp-json\/wp\/v2\/media?parent=607"}],"curies":[{"name":"wp","href":"https:\/\/api.w.org\/{rel}","templated":true}]}}